e remainder when 69 is divided by 9?
6
Calculate the remainder when 585 is divided by 94.
21
What is the remainder when 458 is divided by 76?
2
What is the remainder when 6714 is divided by 79?
78
What is the remainder when 169 is divided by 34?
33
What is the remainder when 11419 is divided by 68?
63
What is the remainder when 936 is divided by 28?
12
Calculate the remainder when 1049 is divided by 25.
24
What is the remainder when 192 is divided by 5?
2
Calculate the remainder when 5457 is divided by 5.
2
Calculate the remainder when 349 is divided by 62.
39
What is the remainder when 20 is divided by 16?
4
What is the remainder when 4806 is divided by 21?
18
What is the remainder when 147 is divided by 78?
69
Calculate the remainder when 565 is divided by 30.
25
What is the remainder when 50 is divided by 35?
15
Calculate the remainder when 58 is divided by 13.
6
Calculate the remainder when 4463 is divided by 31.
30
Calculate the remainder when 155 is divided by 5.
0
Calculate the remainder when 505 is divided by 23.
22
Calculate the remainder when 94 is divided by 18.
4
What is the remainder when 3824 is divided by 9?
8
What is the remainder when 493 is divided by 75?
43
What is the remainder when 67 is divided by 11?
1
What is the remainder when 41742 is divided by 16?
14
What is the remainder when 116 is divided by 26?
12
Calculate the remainder when 321 is divided by 81.
78
Calculate the remainder when 3025 is divided by 3011.
14
Calculate the remainder when 859 is divided by 173.
167
Calculate the remainder when 43504 is divided by 113.
112
What is the remainder when 124 is divided by 32?
28
Calculate the remainder when 33725 is divided by 32.
29
Calculate the remainder when 2561 is divided by 259.
230
Calculate the remainder when 705 is divided by 226.
27
Calculate the remainder when 266 is divided by 52.
6
Calculate the remainder when 174 is divided by 50.
24
Calculate the remainder when 73 is divided by 5.
3
Calculate the remainder when 1517 is divided by 20.
17
Calculate the remainder when 477 is divided by 3.
0
What is the remainder when 1593 is divided by 136?
97
What is the remainder when 1424 is divided by 22?
16
What is the remainder when 6500 is divided by 14?
4
Calculate the remainder when 1786 is divided by 179.
175
Calculate the remainder when 2614 is divided by 869.
7
What is the remainder when 2768 is divided by 107?
93
Calculate the remainder when 7377 is divided by 62.
61
Calculate the remainder when 65 is divided by 22.
21
Calculate the remainder when 449 is divided by 40.
9
What is the remainder when 37437 is divided by 312?
309
Calculate the remainder when 301 is divided by 16.
13
What is the remainder when 39 is divided by 24?
15
Calculate the remainder when 348 is divided by 168.
12
What is the remainder when 306 is divided by 9?
0
Calculate the remainder when 345 is divided by 49.
2
Calculate the remainder when 45 is divided by 40.
5
What is the remainder when 1203 is divided by 93?
87
What is the remainder when 174 is divided by 137?
37
Calculate the remainder when 43 is divided by 24.
19
What is the remainder when 258 is divided by 16?
2
What is the remainder when 285 is divided by 74?
63
Calculate the remainder when 1142 is divided by 52.
50
What is the remainder when 80 is divided by 41?
39
What is the remainder when 120 is divided by 33?
21
Calculate the remainder when 3026 is divided by 59.
17
Calculate the remainder when 678 is divided by 34.
32
What is the remainder when 114 is divided by 24?
18
Calculate the remainder when 348 is divided by 114.
6
Calculate the remainder when 143 is divided by 7.
3
Calculate the remainder when 83 is divided by 55.
28
What is the remainder when 1172 is divided by 168?
164
Calculate the remainder when 40 is divided by 11.
7
What is the remainder when 416 is divided by 123?
47
What is the remainder when 1091 is divided by 5?
1
What is the remainder when 806 is divided by 54?
50
Calculate the remainder when 341 is divided by 24.
5
Calculate the remainder when 153 is divided by 7.
6
Calculate the remainder when 4021 is divided by 19.
12
What is the remainder when 845 is divided by 153?
80
Calculate the remainder when 56 is divided by 16.
8
Calculate the remainder when 938 is divided by 73.
62
Calculate the remainder when 301 is divided by 252.
49
Calculate the remainder when 5330 is divided by 62.
60
What is the remainder when 380 is divided by 24?
20
Calculate the remainder when 86 is divided by 34.
18
What is the remainder when 19409 is divided by 55?
49
What is the remainder when 659 is divided by 55?
54
What is the remainder when 884 is divided by 89?
83
Calculate the remainder when 57 is divided by 13.
5
Calculate the remainder when 1883 is divided by 46.
43
Calculate the remainder when 1998 is divided by 169.
139
What is the remainder when 11 is divided by 8?
3
What is the remainder when 1554 is divided by 377?
46
What is the remainder when 612 is divided by 3?
0
What is the remainder when 1671 is divided by 11?
10
What is the remainder when 302 is divided by 60?
2
Calculate the remainder when 36 is divided by 10.
6
What is the remainder when 85 is divided by 5?
0
What is the remainder when 354 is divided by 89?
87
Calculate the remainder when 407 is divided by 197.
13
What is the remainder when 131 is divided by 46?
39
What is the remainder when 1388 is divided by 276?
8
Calculate the remainder when 3825 is divided by 44.
41
What is the remainder when 1893 is divided by 13?
8
What is the remainder when 244 is divided by 229?
15
Calculate the remainder when 1176 is divided by 381.
33
What is the remainder when 209 is divided by 64?
17
Calculate the remainder when 301 is divided by 77.
70
Calculate the remainder when 1791 is divided by 11.
9
What is the remainder when 275 is divided by 97?
81
Calculate the remainder when 28 is divided by 27.
1
What is the remainder when 781 is divided by 129?
7
What is the remainder when 155 is divided by 20?
15
What is the remainder when 503 is divided by 22?
19
What is the remainder when 2735 is divided by 45?
35
Calculate the remainder when 1171 is divided by 322.
205
Calculate the remainder when 1416 is divided by 203.
198
Calculate the remainder when 2572 is divided by 233.
9
What is the remainder when 1068 is divided by 43?
36
What is the remainder when 5623 is divided by 54?
7
What is the remainder when 630 is divided by 187?
69
What is the remainder when 127 is divided by 32?
31
Calculate the remainder when 258 is divided by 92.
74
Calculate the remainder when 10463 is divided by 109.
108
What is the remainder when 3026 is divided by 302?
6
Calculate the remainder when 442 is divided by 62.
8
Calculate the remainder when 138 is divided by 70.
68
Calculate the remainder when 622 is divided by 6.
4
What is the remainder when 253 is divided by 21?
1
Calculate the remainder when 8694 is divided by 4342.
10
Calculate the remainder when 767 is divided by 11.
8
What is the remainder when 635 is divided by 29?
26
What is the remainder when 892 is divided by 19?
18
What is the remainder when 2204 is divided by 15?
14
What is the remainder when 82 is divided by 22?
16
Calculate the remainder when 226 is divided by 218.
8
What is the remainder when 2105 is divided by 39?
38
Calculate the remainder when 1553 is divided by 14.
13
What is the remainder when 1440 is divided by 3?
0
Calculate the remainder when 2748 is divided by 22.
20
What is the remainder when 84 is divided by 41?
2
What is the remainder when 1471 is divided by 163?
4
What is the remainder when 30867 is divided by 6?
3
What is the remainder when 710 is divided by 42?
38
What is the remainder when 692 is divided by 99?
98
Calculate the remainder when 123 is divided by 102.
21
Calculate the remainder when 138 is divided by 10.
8
Calculate the remainder when 536 is divided by 18.
14
What is the remainder when 72 is divided by 1?
0
What is the remainder when 3001 is divided by 143?
141
Calculate the remainder when 10 is divided by 4.
2
Calculate the remainder when 205 is divided by 4.
1
What is the remainder when 138 is divided by 43?
9
Calculate the remainder when 177 is divided by 30.
27
Calculate the remainder when 350 is divided by 4.
2
Calculate the remainder when 22 i